se i - y = 0, 2*v + i = 3*i + 126. What is the units digit of v?
6
Let v = 9 + -9. Suppose v = a + 3*k - 7 - 6, -2*a + 31 = k. Suppose 24 + a = 4*m. What is the units digit of m?
0
What is the hundreds digit of (16/(-10) - -1) + (-20502)/(-45)?
4
Let u = -22 - -8. Let p be 6/42 - (-30)/u. What is the tens digit of p/(-3)*(-138)/(-4)?
2
Suppose 4*x - 7*x = 6. What is the hundreds digit of (-2382)/(-10) + x/10?
2
Let p be (-1)/(-4)*0 - 25. Let s be 5/(p/(-10))*1. Suppose -52 = -2*k - 0*g - s*g, 4*k - 108 = -3*g. What is the units digit of k?
0
Suppose -14997 = -14*q + 21361. What is the hundreds digit of q?
5
Let c = 656 - 31. What is the units digit of c?
5
Let m = 338 + 563. What is the units digit of m?
1
Suppose 4*p + 3*c = 4*c - 102, 67 = -3*p - 4*c. Let g = 55 - p. What is the tens digit of g?
8
Let d = 2303 - -62. What is the units digit of d?
5
Let z be 66*(-3 + 7/2). Suppose -i - 4*h = -z, 0 = i - 4*h - h + 12. Let v = 25 - i. What is the tens digit of v?
1
Suppose -6*r + 11*r = -150. Let x = -49 - -37. Let p = x - r. What is the tens digit of p?
1
Let n = 22 - 37. Let o(d) = 7*d + 7. Let j be o(5). Let v = n + j. What is the tens digit of v?
2
Let b(y) = y**2 - 3*y + 163. What is the units digit of b(19)?
7
Let b be (-9741)/(-33) + (-22)/121. Let p be 3*(-3)/((-18)/8). Suppose -2*d + p*z = -88, 5*d = -4*z + b - 61. What is the tens digit of d?
4
Let x = 221 - 157. Let c = 129 - x. Let v = c - 39. What is the units digit of v?
6
Let s be (-7 - -1)*((-7)/21)/1. Suppose 17 = -r + s*r. What is the units digit of r?
7
Let l be 2 + (7 - (-9)/(-3)). Suppose j = l*j + z - 260, -2*j - 5*z + 81 = 0. What is the tens digit of j?
5
Let m = 422 + -160. What is the tens digit of m?
6
Let m = -29 + 29. Suppose 4*t - 5*q - 101 = m, -5*q + 4*q = 2*t - 33. Let k = t - -4. What is the tens digit of k?
2
Let b(d) be the second derivative of -8*d - 2*d**2 - 1/6*d**3 + 0. What is the units digit of b(-8)?
4
Suppose 3*l = 64 - 13. Let c = -22 + l. What is the units digit of (-2)/(-1) - (c - -3)?
4
Let o be -1 - -3 - 0/(-3). Suppose -o*v + 8 = -142. What is the units digit of v?
5
Let y = 53 - 53. Suppose -z = -y*i - 3*i - 14, 3*i = 5*z - 94. What is the units digit of z?
0
Let y be -1 - (-2 - -4) - -7. Suppose -2*m - 3*q - 1 = -9, -m + y = -3*q. Suppose b - 10 = -m*b. What is the units digit of b?
2
Suppose 5*c - 19*y = -14*y + 4850, -4*c - 3*y + 3901 = 0. What is the units digit of c?
3
Let r be 198/9 - (0 + 1). Suppose -q = -16 + r. Let f(k) = -13*k - 6. What is the tens digit of f(q)?
5
What is the tens digit of (-1331)/(-10 - (-17 + 8))?
3
Let j(z) = 18*z**2 - 3*z + 108. What is the thousands digit of j(-10)?
1
Let b(t) = t + 77. Let c = -13 + 13. What is the tens digit of b(c)?
7
Suppose 0 = 30*p - 3*p - 16308. What is the units digit of p?
4
Let k be (16/24)/(2/(-3)). Let v be (183*1)/(2 + k). Let r = v + -124. What is the units digit of r?
9
Suppose -2*v = 4 + 2. What is the units digit of 51 + (-7)/(7/v)?
4
Let n be 3 + 1 - -2 - 5. What is the tens digit of (3 + (-205)/n)/(-1)?
0
Let x = -1615 + 2492. What is the tens digit of x?
7
Let b(y) = 2*y**2 - 26*y - 16. Let z be b(14). Let h = -8 + 12. Suppose 0 = j - h*j + z. What is the units digit of j?
4
Suppose 2*v + 132 = -4*z, 4*z + 17 + 103 = -5*v. Let k = z + 49. Suppose -i - 3*h - h + k = 0, 3*i = -3*h + 51. What is the tens digit of i?
1
Let c(f) = -3*f**2 + 5*f - 4. Let o(x) = -8*x**2 + 14*x - 11. Let i(a) = -11*c(a) + 4*o(a). Let u be i(5). What is the units digit of u/4*1*6?
5
Let f be (-2 - 0)*(-10)/5. Suppose -m - 7 = -f. What is the units digit of 17/(-3)*9/m?
7
Let y(h) = h**3 + 5*h**2 - h - 6. Let n(b) = -4*b**2 + 4*b + 3. Let x be n(-1). Let o be y(x). What is the tens digit of o*(-13 + (2 - 3))?
1
Suppose -3*i = -27 - 0. Suppose -2*u = -35 + i. What is the tens digit of u?
1
Let w be (-109)/(-6) - (-5)/(-30). Suppose 0 = v + w - 33. Let k = v - 5. What is the units digit of k?
0
Let m(l) = -l**2 - 7*l - 1. Let o be m(-8). Let b(u) = -15*u**2 - 13*u + 23*u**2 + 2 + u**3 + 1. What is the tens digit of b(o)?
3
Suppose 4*o - 2 = 2*v, -2*v = o - 7*v + 4. What is the units digit of (12/o)/(2 + 0)?
6
Let b = -22 - -26. Let y = b - -104. Suppose 2*g - y = -2*g. What is the tens digit of g?
2
Let l(c) = -3*c**3 + 33*c**2 - 34*c + 3. Let y(r) = -2*r**3 + 17*r**2 - 17*r + 1. Let m(f) = 3*l(f) - 5*y(f). What is the units digit of m(-15)?
4
Suppose 51*u - 8970 = 143622. What is the thousands digit of u?
2
Let b = 428 + -425. What is the units digit of b?
3
Let g = -66 + 112. What is the tens digit of (-12)/(-9)*((-2 - -4) + g)?
6
Let x(r) be the first derivative of r**4/4 - r**3/3 + r**2/2 + 81*r + 20. What is the tens digit of x(0)?
8
Let m be (1 + -3)*1/(-2). What is the tens digit of (m/2)/(9/1098)?
6
Suppose i + 3*c - 826 = 0, 5*i = 10*i + 3*c - 4118. What is the units digit of i?
3
Let x be -12*3/(-6) + -3. Suppose -4*p + 133 = 2*v + 3*v, 0 = x*p - 5*v - 56. What is the tens digit of p?
2
Let f be 62*(-3)/(-24) - (-1)/4. What is the tens digit of (-11)/33*-6*f?
1
Let f(b) be the first derivative of b**3/3 + 3*b**2/2 + 3*b - 6. What is the units digit of f(-3)?
3
Suppose -2*a + 31*w = 32*w - 2686, -a + 1325 = 5*w. What is the thousands digit of a?
1
Let n(u) = u + 2. Let y be n(-2). Let w = 162 - -10. Suppose 4*r = -y*r + w. What is the tens digit of r?
4
Let g be (-16)/(-24) - (-10)/3. Suppose -g*u = -3*m - 10 - 179, 4*m = 3*u - 133. What is the tens digit of u?
5
Suppose -1439 = -5*r + 11. What is the hundreds digit of r?
2
Let y = -16 - -17. Let x(j) = -23*j + 2. Let m(b) = b - 1. Let z(v) = -2*m(v) - 2*x(v). What is the tens digit of z(y)?
4
Let r = 12 + -11. What is the tens digit of 74*r/2*(-10)/(-10)?
3
Suppose 2207 = 7*f - 2826. What is the tens digit of f?
1
Let b(s) = -s**3 + 4*s**2 - 2*s - 2. Let w be b(2). Suppose -w*j + 66 + 112 = 0. Suppose -70 - 46 = -4*o - 2*v, -3*o = 2*v - j. What is the tens digit of o?
2
Suppose -8*y + 13*y - 15 = 0. Suppose -4*f = 4*w + 4, -3*w + 2 = f - 1. Suppose -w = -5*a + y. What is the units digit of a?
1
Suppose 1863 = 7*n - 314. What is the hundreds digit of n?
3
Let f(a) = -6*a - 154. Let d be f(0). Let t = -27 - d. What is the units digit of t?
7
Let f(s) = -87*s**3 + 4*s**2 - 11*s + 3. What is the units digit of f(-4)?
9
Suppose -466 = -2*c - 0*y + 2*y, -y + 1135 = 5*c. Let b be 3/2*c/9. Let t = b - -21. What is the tens digit of t?
5
Let g be (-20)/6*(-18)/15. Let o(d) = d**3 - 6*d**2 + 6*d - 1. Let l be o(g). Let s(v) = -4*v - 9. What is the tens digit of s(l)?
2
Let k = 11074 - 7590. What is the hundreds digit of k?
4
Let j = 8 - 8. Suppose 29 = 8*x - 19. Suppose n - 77 = -x*h + h, n - 2*h - 49 = j. What is the tens digit of n?
5
Let a(m) = -2*m**3 - 8*m**2 - 4*m + 4. Let p = 140 - 146. What is the hundreds digit of a(p)?
1
Let w(j) = 223*j**3 + j**2 + j - 1. Suppose 2*s = 0, i + 3*i + 4*s = 4. What is the tens digit of w(i)?
2
What is the tens digit of ((-4650)/105)/(3/(-105))?
5
Suppose -5*f = t - 19 - 40, 0 = -4*f + t + 49. Suppose 8 = 4*i + f. What is the tens digit of i/(2*3/(-126))?
2
Let f(v) = v**3 - 3*v + 508. What is the tens digit of f(0)?
0
Let n be -26*(3/(-12)*-2 + -4). Suppose -40 = -a + n. What is the hundreds digit of a?
1
Suppose h + m + 182 = -2*m, 5*m + 562 = -3*h. Let g = 361 + h. What is the tens digit of g?
6
Let g(s) be the third derivative of s**5/30 - 5*s**4/24 + 5*s**3/6 + 12*s**2. What is the units digit of g(-6)?
7
Let o(m) = m**2 - 16*m + 4. Let l be o(16). Suppose t - 66 = 3*d - d, l*d + 74 = t. What is the units digit of t?
8
Let c be 5 - (3 + -1 - 3). Let b(n) be the first derivative of 2*n**2 + 3*n + 2. What is the units digit of b(c)?
7
Suppose 0 = -0*c - 6*c - 1428. What is the hundreds digit of 2/(-4*1/c)?
1
Let q(d) be the first derivative of d**4/4 + 7*d**3/3 + 3*d**2/2 - 4*d + 3. Let g = -22 - -16. What is the tens digit of q(g)?
1
Suppose -2*r + 2*d + 116 = -34, 3*d = r - 69. What is the tens digit of r?
7
Suppose 954 = t - 1533. What is the units digit of t?
7
Suppose -5*l + 61 = 236. Let k = -26 - l. What is the units digit of k?
9
Let g(r) = 9 + r - 36*r**2 + 6*r - 2*r**3 + 48*r**2. What is the tens digit of g(6)?
5
Let u be 16 + 9 + -1 + -1. Let r = u + -26. Let i = r - -38. What is the tens digit